56 - 6/(-21).
2, 3
Let c = -349 + 351. Suppose 0 = c*t + 2, 4*l - 190 - 85 = 3*t. List the prime factors of l.
2, 17
Suppose 0 = 173*t + 149224 - 973050. List the prime factors of t.
2, 2381
Let j = 82632 + -47875. What are the prime factors of j?
34757
Let q(y) = y**3 + 14*y**2 + 16*y + 1. Let x be q(-13). Let a = x - -43. Suppose -z = m - 2*m + 45, 225 = 5*m + a*z. What are the prime factors of m?
3, 5
Suppose 3*d - z = -0*z - 224, -2*z - 152 = 2*d. Let k = 586 + d. Suppose -6*r + k = -329. List the prime factors of r.
2, 5, 7
Let s = -50 + 50. Suppose -r = -3, -5*j + 0*j + r + 22 = s. Suppose -3*y + 4*y = j*z - 600, -z - 2*y + 131 = 0. What are the prime factors of z?
11
Let v = 273 + -89. Let z be 6*(-8)/(-24) + 193 + -1. Suppose z = 3*k + n, -6*k + n = -3*k - v. List the prime factors of k.
3, 7
Let l(g) = 3*g**3 + 2*g**2 + 1 + 14*g - 4*g - 8*g - 2*g**3. Let i be l(0). What are the prime factors of (i - -8) + (1 - (-2)/2)?
11
Suppose 0 = 5*i - o - 7, -3*o + 8*o = i - 11. What are the prime factors of (((-675)/(-10))/27)/(i/414)?
3, 5, 23
Let s(v) = 580*v**2 - 10*v + 14. List the prime factors of s(4).
2, 7, 661
Suppose 0 = 51*v - 12*v + 390. What are the prime factors of (125/v)/5 - (-5878)/4?
3, 163
Let l(d) = -6*d + 36. Let o be l(6). Suppose -6*t + 78 + 348 = o. List the prime factors of t.
71
Suppose -3*z - 2*y = -413, 4*y = 4*z - 416 - 148. Let w = z + -70. List the prime factors of w.
3, 23
List the prime factors of ((-6)/4)/((-685)/12934170).
3, 1049
Suppose -5*g = -34 + 19. Suppose -g*j + 21 - 9 = 0. Suppose 0 = -5*f - 5*b + 25, -34 - 31 = -j*f + 5*b. List the prime factors of f.
2, 5
Let l be (-2)/(-4) + (-20)/(-8)*13. What are the prime factors of (1 + -3757)*l/(-66)?
2, 3, 313
Let x(a) = a**2 - 12*a + 15. Let s be x(11). Suppose -k - 390 = s*g - 2054, 3*k = 0. List the prime factors of g.
2, 13
Suppose -1071 - 2049 = -3*s. Suppose 7*j = -j + s. What are the prime factors of j + (-6)/((-6)/2)?
2, 3, 11
Let a = 165111 + -83222. What are the prime factors of a?
17, 4817
Suppose d + 2*d = -0*d. Suppose d = 30*b - 32*b - 6. Let c(y) = 7*y**2 + 8*y + 3. What are the prime factors of c(b)?
2, 3, 7
Let w(v) = 10*v**3 + 2*v**2 - v + 1. Let o = 0 - -34. Let n be (8/(-6))/(o/(-6) - -5). List the prime factors of w(n).
3, 29
Let z be 808/(-10) - 4/(-5). List the prime factors of (246/(-5))/(24/z).
2, 41
Suppose 11*k - 6*k - 260 = 0. Let x be (k/8 + -4)*-6. Let f(y) = -y + 33. What are the prime factors of f(x)?
2, 3
Let c(l) = 35 + 12*l - 240 - 63*l. List the prime factors of c(-7).
2, 19
Let k(d) = d**3 - 34*d**2 - 88*d - 41. Let h be k(37). Suppose -6*y - h = -9*y. List the prime factors of y.
2, 3, 5
Suppose -20866 = -3*z + q, -132*q = -129*q - 6. List the prime factors of z.
2, 37, 47
What are the prime factors of (305/915)/(1/64902)?
2, 29, 373
Suppose -3*b + 2*b + 1 = -2*s, s + 32 = -4*b. Let y be (-160)/28 + 2/b. List the prime factors of 1695/18 + 1/y.
2, 47
Let p(n) = 6*n**2 + 55*n + 1521. What are the prime factors of p(74)?
38447
Suppose 200081 = 3*b - i, -155804 = -2*b - 3*i - 22402. List the prime factors of b.
5, 13339
Let a = 938 + 61. Let n = a - 380. List the prime factors of n.
619
Suppose -34*c + 33*c = -7. Suppose 0 = -4*l + c*l - 966. List the prime factors of l.
2, 7, 23
Suppose -2*t + 5 = -7*t. Let n be 1*14*(-51)/3*t. Suppose 14*f - 7*f = n. What are the prime factors of f?
2, 17
Let f be 0 - -6 - (8 + (-8)/2). Suppose -f*s + 2097 = 7*s. What are the prime factors of s?
233
Let d(x) = 8*x**2 - 92*x + 29. Let v be d(13). Suppose 0 = -g + 5*u + v, -7*g + 8*g = -u + 173. What are the prime factors of g?
5, 7
Let i = -7257 - -13044. List the prime factors of i.
3, 643
Suppose -m - 6 = 3*d, 3*m - 6*d + 14 = -11*d. Let v = 7 + m. Suppose -4*z = 5*w - z - 180, -176 = -v*w + 4*z. What are the prime factors of w?
3, 13
Let u(g) = 2*g**3 - 130*g**2 - 100*g + 116. List the prime factors of u(66).
2, 557
Let a(d) = -258*d + 1758. List the prime factors of a(-33).
2, 3, 107
Let z = -3328 + 5245. Suppose 5*a - o - z = o, 2*a + 4*o = 762. What are the prime factors of a?
383
Suppose 5*o + 8 = o, 5*n - 3*o - 276021 = 0. What are the prime factors of n?
3, 18401
Let o(c) = -10*c**2 - c - 220. Let s be o(-14). Let n = s + 3235. What are the prime factors of n?
1069
Suppose 2*s - 1775 = -5*g, -9*g = -11*g + 4*s + 710. Let l = 445 + g. What are the prime factors of l?
2, 5
Let x(q) = -q**3 - 13*q**2 + 15*q - 7. Let b(j) = -j**3 + j**2 + j. Let d(m) = -2*b(m) + x(m). Let g = 46 - 31. What are the prime factors of d(g)?
2, 47
Suppose -2*i - i + 3 = 0. Suppose g + 26 = -5*a, 3*g + 5*a + 18 + 20 = 0. What are the prime factors of (i + -3 - g) + 81?
5, 17
Suppose -2160 = -2*s - 3*s. Let t = -250 + s. Suppose -3*a - t = -3*z + a, 0 = -5*z + 2*a + 294. What are the prime factors of z?
2, 29
Let y = -279 - -290. Suppose -y*n = -12*n + 301. What are the prime factors of n?
7, 43
Suppose -5*j + 122710 = -3*x, -5*j - 7*x = -9*x - 122715. What are the prime factors of j?
5, 4909
Suppose 0 = -2*j + 5*j - 6. Let u = -78 + 77. List the prime factors of (-26 - 17)*(u - j/1).
3, 43
Let o(v) = 311*v**2 + 4*v + 2. Let y be o(2). Suppose 0 = -0*q - 5*q + 3*x + 4845, -5*q + 5*x = -4845. Suppose 0 = -9*g + y + q. List the prime factors of g.
13, 19
Let i = 31 - -12. Suppose 0 = -2*t - i + 51. Suppose -5*r + 81 = -4*j - 366, 99 = r + t*j. List the prime factors of r.
7, 13
Let g = 3385 + -3385. Let k(w) be the third derivative of -w**6/60 + 127*w**3/6 + w**2. List the prime factors of k(g).
127
Let n = -92 - -94. Suppose -3*o - n*h - 2 = 0, 2*o + 2*o - 5*h = 28. Suppose 0 - 4 = -o*k. What are the prime factors of k?
2
Let s = -13 - -35. Suppose 4*i + 127 = 5*m, 2*m + i = -s + 78. Suppose -22*k = -m*k + 845. List the prime factors of k.
13
Suppose -2*k - 13 + 17 = 0. Suppose -2*o = 6*o + k*o. Suppose 10*r + o*r = 410. What are the prime factors of r?
41
Let m(q) = -q**2 + 7*q + 11. Let r be m(8). Suppose 5*u + 15 = 0, -r*y - 28 = -4*y + 3*u. Suppose -y*o + 20*o = 5. What are the prime factors of o?
5
Let l = 44 + -72. Let u(z) = z**3 + 29*z**2 + 29*z + 31. Let w be u(l). Suppose w*d - 781 + 107 = 2*x, -d = 5*x - 202. List the prime factors of d.
2, 3, 37
Let f(r) = r**3 + 7*r**2 + 7*r. Let i be f(-3). What are the prime factors of i*((-80)/25)/(-4)?
2, 3
Let m(d) = 13*d**2 - 93*d + 2259. List the prime factors of m(70).
13, 17, 269
Let p = -1644 + 2874. What are the prime factors of p?
2, 3, 5, 41
Suppose -11*l + 2*l = -72. Suppose l = 14*b + 22. What are the prime factors of b/(-1 + 780/785)?
157
Suppose g + 2*g = -a - 11, 4*g + 13 = -a. Let l be 3*(32/12 + g). Suppose 5*h + 2*c - 179 = 0, -h - l*c + 144 = 3*h. What are the prime factors of h?
5, 7
List the prime factors of (-11)/(770/20) + (-77739)/42*-10.
83, 223
Suppose -l + 67 = 3*u - 5*l, 3*u - 5*l - 71 = 0. Suppose u*t - 3630 = 2*t. List the prime factors of t.
2, 11
Let k(b) = -b**3 + 6*b**2 + 6*b + 5. Let a(o) = -o**2 - 15*o - 19. Let u be a(-13). Let y be k(u). List the prime factors of y*(-30 - -1) - 1.
3, 19
Let w(d) = 395*d**2 - 3*d + 55. List the prime factors of w(-9).
32077
Let d(z) = z + 23. Let v be d(-7). Suppose -21*t = -13*t - v. Suppose -t*p = -469 + 5. List the prime factors of p.
2, 29
Let s be (-114 - -2)*29/(-2). What are the prime factors of (s/35)/(4/10)?
2, 29
Let c = 134 + -134. Suppose -5*b = 2*f - 4 - c, 0 = -f - 2*b + 4. Suppose 1600 = -4*v + f*v. List the prime factors of v.
2, 5
What are the prime factors of 68565/14 - (-1)/2?
2, 31, 79
Let n = 341 + -392. Suppose 0 = -2*i + z - 20 - 5, 5*i = 3*z - 60. Let u = i - n. What are the prime factors of u?
2, 3
Suppose 3*x - 11 = 2*b, -3*x + b + 0 = -10. Let u(j) = 20*j + 8. List the prime factors of u(x).
2, 17
Suppose -31515*y = -31513*y - 3668. What are the prime factors of y?
2, 7, 131
Let h = -1489 - -2136. Suppose 3*i - 325 = h. What are the prime factors of i?
2, 3
Suppose -236*o + 9 = -233*o. Suppose b - o*j = -5*j + 40, 3*b = j + 85. List the prime factors of b.
2, 3, 5
Let j(y) = y**3 + 8*y**2 + y - 7. Suppose 2*k - 8 = -0*k. Suppose -14 = 3*b + k. What are the prime factors of j(b)?
59
List the prime factors of 38/(-6)*114*(-10)/20.
19
Let i(u) = -133*u + 8. Let n = -5 + 8. Let l be i(n). Let f = -272 - l. List the 